1463
What is -2ccd (base 14) in base 10?
-8021
Convert -730 (base 10) to base 3.
-1000001
What is -7614 (base 10) in base 4?
-1312332
Convert 11b39 (base 12) to base 13.
ac74
2440 (base 7) to base 5
12120
What is -1078a (base 11) in base 9?
-23337
-1a23 (base 15) to base 2
-1011000011010
What is 16d6 (base 14) in base 3?
12122011
Convert 2212 (base 4) to base 16.
a6
Convert -1fe7 (base 16) to base 12.
-4887
What is -101011011 (base 2) in base 12?
-24b
What is 25746 (base 8) in base 13?
5166
-15b2 (base 14) to base 12
-22b4
-3b82 (base 12) to base 8
-15322
What is 2203 (base 7) in base 13?
487
Convert 3032 (base 5) to base 7.
1100
What is -4110 (base 13) in base 6?
-105310
What is 2bc (base 14) in base 5?
4213
Convert -460 (base 13) to base 2.
-1011110010
What is -10042 (base 7) in base 6?
-15131
b0d (base 14) to base 8
4171
-5134 (base 10) to base 4
-1100032
-1248 (base 14) to base 5
-100300
What is 428 (base 11) in base 5?
4024
-51610 (base 7) to base 3
-122100111
What is -2235 (base 6) in base 9?
-645
Convert c78 (base 13) to base 15.
96c
What is -2001001 (base 3) in base 12?
-a3a
What is 3500 (base 7) in base 12?
8a2
Convert -11 (base 10) to base 9.
-12
What is 113001 (base 5) in base 2?
1000000011110
2303 (base 10) to base 11
1804
What is -1622 (base 14) in base 8?
-7556
1a (base 13) to base 11
21
Convert b4f4 (base 16) to base 5.
2440244
-201531 (base 6) to base 8
-37137
-131402 (base 7) to base 3
-1020200022
What is 530 (base 15) in base 13?
6c0
Convert -1000001111 (base 2) to base 15.
-252
Convert 13311 (base 7) to base 12.
20a9
4344 (base 5) to base 6
2435
What is -55423 (base 8) in base 11?
-16576
What is -6109 (base 10) in base 3?
-22101021
2334234 (base 5) to base 11
2a3a4
Convert -2001 (base 3) to base 4.
-313
Convert -13965 (base 13) to base 15.
-ad56
Convert -8c5 (base 14) to base 6.
-12021
What is -81 (base 15) in base 16?
-79
-20202202 (base 3) to base 7
-20246
216 (base 15) to base 11
399
Convert -98c8 (base 16) to base 15.
-b8c7
Convert -1204 (base 11) to base 3.
-2011102
1157 (base 12) to base 10
1939
-100001000 (base 2) to base 15
-129
20340 (base 8) to base 9
12481
What is -1036 (base 12) in base 14?
-906
11101110110110 (base 2) to base 11
10537
What is 10020 (base 4) in base 13?
174
Convert 711 (base 16) to base 4.
130101
Convert 1122221 (base 3) to base 12.
851
Convert 20223 (base 11) to base 15.
8b4e
What is -110000010100111 (base 2) in base 9?
-36842
What is -3020 (base 4) in base 5?
-1300
Convert -416b (base 12) to base 13.
-3332
What is -7486 (base 12) in base 2?
-11000111100110
What is 1a75 (base 15) in base 2?
1011001100111
What is -3ec8 (base 15) in base 14?
-4c99
-538 (base 13) to base 4
-31330
Convert 121205 (base 7) to base 6.
250035
What is 494 (base 14) in base 7?
2444
-4562 (base 14) to base 15
-387c
-1111 (base 10) to base 4
-101113
Convert 11033 (base 6) to base 11.
1174
What is 1444 (base 6) in base 9?
471
Convert 1a99 (base 12) to base 14.
12a9
Convert -298b8 (base 12) to base 14.
-17376
Convert -8b4 (base 12) to base 13.
-781
Convert 443 (base 5) to base 15.
83
What is -1121122 (base 3) in base 7?
-3302
14054 (base 6) to base 15
9b4
What is -1011100111 (base 2) in base 12?
-51b
What is 13481 (base 9) in base 12?
5361
Convert -13142 (base 6) to base 12.
-11b2
Convert -2020011 (base 3) to base 2.
-11001011000
What is -231450 (base 6) in base 7?
-111546
-165 (base 13) to base 8
-374
What is 22712 (base 8) in base 7?
40130
Convert -1111111100100 (base 2) to base 7.
-32542
Convert -1ec (base 15) to base 13.
-285
What is 136b7 (base 14) in base 16?
bb71
-341 (base 5) to base 9
-116
1204 (base 5) to base 4
2303
-1401 (base 6) to base 9
-441
b79 (base 14) to base 7
6412
23b6 (base 14) to base 10
6236
Convert -23032 (base 4) to base 14.
-394
16d0 (base 15) to base 5
124140
8b79 (base 13) to base 8
46117
Convert 2228 (base 14) to base 10.
5916
25207 (base 8) to base 13
4c56
1000010120 (base 3) to base 2
100110101000011
Convert 2a7 (base 12) to base 14.
219
What is 2388 (base 13) in base 6?
35113
What is -10001000010 (base 2) in base 3?
-1111101
-30200200 (base 4) to base 3
-2121021111
What is -4d (base 14) in base 3?
-2120
511 (base 8) to base 13
1c4
41037 (base 8) to base 14
6251
Convert -588 (base 14) to base 10.
-1100
7a3 (base 12) to base 4
101223
What is -47 (base 11) in base 2?
-110011
-337 (base 15) to base 12
-507
Convert -781 (base 9) to base 15.
-2ca
-2f57 (base 16) to base 10
-12119
84b (base 12) to base 13
722
Convert -1204 (base 7) to base 2.
-110111101
Convert 133232 (base 4) to base 15.
905
-1402402 (base 5) to base 3
-1110001201
103101 (base 4) to base 6
5413
What is 1900 (base 12) in base 5?
44044
Convert 20011 (base 3) to base 4.
2212
What is 310232 (base 4) in base 12?
1b52
Convert 1a181 (base 13) to base 6.
1031113
11313201 (base 4) to base 12
11aa9
What is -1702 (base 8) in base 9?
-1278
-343 (base 14) to base 13
-3aa
1111101001 (base 2) to base 10
1001
Convert -3103 (base 6) to base 10.
-687
What is -273 (base 14) in base 6?
-2141
What is -74502 (base 9) in base 4?
-30001202
What is -201222 (base 3) in base 14?
-2a7
Convert -2a2 (base 12) to base 5.
-3120
104 (base 5) to base 11
27
Convert 23606 (base 8) to base 12.
5a32
Convert -1504 (base 6) to base 9.
-484
133 (base 8) to base 9
111
What is -239 (base 10) in base 11?
-1a8
Convert 2b5 (base 15) to base 14.
324
What is 7c6 (base 15) in base 14?
8db
What is -723e (base 15) in base 10?
-24134
What is 13613 (base 7) in base 8?
7226
What is 1206 (base 8) in base 12?
45a
-204 (base 7) to base 9
-123
What is -c497 (base 13) in base 15?
-80ae
-10000001100010000 (base 2) to base 12
-32468
-15b82 (base 14) to base 9
-82561
1300302 (base 4) to base 9
10810
What is -d5c (base 14) in base 12?
-1632
Convert -2345 (base 12) to base 16.
-f65
What is 2544 (base 10) in base 2?
100111110000
Convert 47b (base 14) to base 9.
1202
32300 (base 4) to base 6
4212
101001101 (base 2) to base 5
2313
-16a (base 11) to base 7
-401
Convert -41354 (base 8) to base 16.
-42ec
What is -120113 (base 4) in base 9?
-2122
Convert 10d1 (base 15) to base 4.
313303
Convert 10000111100010 (base 2) to base 4.
2013202
Convert 110010 (base 3) to base 14.
195
Convert -4304 (base 6) to base 5.
-12401
What is 2210001 (base 3) in base 8?
3752
-11433 (base 5) to base 6
-4004
Convert -143536 (base 7) to base 12.
-14054
What is 111000000 (base 2) in base 14?
240
Convert 113b (base 13) to base 11.
18a7
Convert 472 (base 9) to base 8.
605
Convert -100000001001101 (base 2) to base 14.
-5ddb
82 (base 13) to base 12
8a
What is 11101010100011 (base 2) in base 7?
61523
111363 (base 8) to base 3
1220121022
What is 42040 (base 6) in base 11?
4268
What is -251 (base 10) in base 4?
-3323
121220 (base 3) to base 15
206
Convert 122c (base 14) to base 6.
22412
What is -102000 (base 3) in base 7?
-603
6a7 (base 13) to base 4
101333
Convert -16207 (base 10) to base 11.
-111a4
192 (base 14) to base 4
11010
-1165 (base 10) to base 2
-10010001101
What is 12354 (base 6) in base 2?
11101001110
Convert 7eec (base 15) to base 6.
324553
-20212000 (base 3) to base 10
-4995
31310 (base 5) to base 2
100000100000
-542 (base 12) to base 2
-1100000010
What is -10536 (base 8) in base 14?
-1898
Convert 3021 (base 6) to base 14.
353
Convert 2510 (base 7) to base 9.
1252
What is 1213003 (base 4) in base 16?
19c3
What is a93 (base 12) in base 2?
11000001111
-25065 (base 12) to base 11
-34787
What is 12222 (base 3) in base 11?
137
What is 24221 (base 6) in base 5?
103131
Convert 1897 (base 13) to base 4.
321121
-12120 (base 4) to base 13
-255
Convert -f86 (base 16) to base 11.
-2a93
What is 0 (base 16) in base 12?
0
Convert 4130 (base 7) to base 13.
86c
What is -742 (base 13) in base 16?
-4d5
What is -2a (base 12) in base 6?
-54
Convert 11341 (base 5) to base 9.
1140
15b (base 16) to base 14
1ab
Convert -2700 (base 8) to base 10.
-1472
What is 32324 (base 6) in base 7?
15646
Convert -6766 (base 15) to base 3.
-1010001220
What is 2753 (base 9) in base 16?
819
-212103 (base 6) to base 5
-1023234
Convert 99b (base 15) to base 8.
4173
What is -1100000101001 (base 2) in base 15?
-1c75
-3370 (base 12) to base 15
-1a50
Convert 2a57 (base 13) to base 8.
14014
11232101 (base 4) to base 10
23441
Convert 10707 (base 14) to base 5.
2